{"id":141,"date":"2016-12-16T18:18:49","date_gmt":"2016-12-16T18:18:49","guid":{"rendered":"http:\/\/www.salzburg-privat.at\/?page_id=141"},"modified":"2024-06-19T06:01:54","modified_gmt":"2024-06-19T06:01:54","slug":"impressum","status":"publish","type":"page","link":"https:\/\/kaernten-privat.at\/?page_id=141","title":{"rendered":"Impressum"},"content":{"rendered":"<p>[et_pb_section fb_built=&#8221;1&#8243; admin_label=&#8221;section&#8221; _builder_version=&#8221;3.22&#8243;][et_pb_row admin_label=&#8221;row&#8221; _builder_version=&#8221;3.25&#8243; background_size=&#8221;initial&#8221; background_position=&#8221;top_left&#8221; background_repeat=&#8221;repeat&#8221;][et_pb_column type=&#8221;4_4&#8243; _builder_version=&#8221;3.25&#8243; custom_padding=&#8221;|||&#8221; custom_padding__hover=&#8221;|||&#8221;][et_pb_text admin_label=&#8221;Text&#8221; _builder_version=&#8221;4.5.3&#8243; background_size=&#8221;initial&#8221; background_position=&#8221;top_left&#8221; background_repeat=&#8221;repeat&#8221; hover_enabled=&#8221;0&#8243; use_border_color=&#8221;off&#8221; border_color=&#8221;#ffffff&#8221; border_style=&#8221;solid&#8221;]<\/p>\n<h4>Impressum<\/h4>\n<p>www.kaernten-privat.at<\/p>\n<p><strong>K\u00c4RNTEN PRIVAT<\/strong><br \/>Eine Initiative von k\u00e4rnten.museum, Filmarchiv Austria und Land K\u00e4rnten in Kooperation mit K\u00e4rntner Regionalmuseen und Kulturvereinen sowie mit Unterst\u00fctzung des ORF Landesstudio K\u00e4rnten.<\/p>\n<p><strong>INHALTLICH VERANTWORTLICH<\/strong><br \/><strong>Landesmuseum f\u00fcr K\u00e4rnten<\/strong><br \/>Sammlungs- und Wissenschaftszentrum<br \/>Liberogasse 6<br \/>9020 Klagenfurt am W\u00f6rthersee<br \/>Direktor: HR Prof. Dr. Wolfgang Muchitsch<br \/>Gesch\u00e4ftsf\u00fchrung: Mag. Caroline Steiner<\/p>\n<p><strong>Filmarchiv Austria<\/strong><br \/>Obere Augartenstra\u00dfe 1<br \/>1020 Wien<br \/>Direktor: Mag. Ernst Kieninger<br \/>Gesch\u00e4ftsf\u00fchrung: Dr. Nikolaus Wostry<\/p>\n<p><strong>PROJEKTKOORDINATION<br \/><\/strong>Matthias Feiel, BA MA MA &#8211; Landesmuseum f\u00fcr K\u00e4rnten<br \/>Bernhard Fransche, BA &#8211; Filmarchiv Austria<\/p>\n<p><strong>FOTOS<\/strong><br \/>Landesmuseum f\u00fcr K\u00e4rnten unter Verwendung von <a href=\"https:\/\/www.freepik.com\/\">freepik.com<\/a><\/p>\n<p><strong>WEBSITE<br \/><\/strong>A.K.I.S. GmbH<\/p>\n<p><strong>DATENSCHUTZHINWEIS<\/strong><br \/>Erhoben und gespeichert werden lediglich statistische Daten \u00fcber Zugriffe auf diese Website ohne konkreten Personenbezug. Dies geschieht in \u00dcbereinstimmung mit den geltenden Datenschutzgesetzen. Die personenbezogenen Daten, die im Rahmen der Kontaktaufnahmen verarbeitet werden, dienen lediglich der Abwicklung von Kommunikationsvorg\u00e4ngen. Eine Weitergabe an Dritte findet nicht statt.<\/p>\n<p><strong>EXTERNE LINKS<\/strong><br \/>Die Inhalte externer Links werden von uns nicht gepr\u00fcft. Sie unterliegen der Haftung der jeweiligen Anbieter.<\/p>\n<p>[\/et_pb_text][\/et_pb_column][\/et_pb_row][\/et_pb_section]<\/p>\n","protected":false},"excerpt":{"rendered":"<p>[et_pb_section fb_built=&#8221;1&#8243; admin_label=&#8221;section&#8221; _builder_version=&#8221;3.22&#8243;][et_pb_row admin_label=&#8221;row&#8221; _builder_version=&#8221;3.25&#8243; background_size=&#8221;initial&#8221; background_position=&#8221;top_left&#8221; background_repeat=&#8221;repeat&#8221;][et_pb_column type=&#8221;4_4&#8243; _builder_version=&#8221;3.25&#8243; custom_padding=&#8221;|||&#8221; custom_padding__hover=&#8221;|||&#8221;][et_pb_text admin_label=&#8221;Text&#8221; _builder_version=&#8221;4.5.3&#8243; background_size=&#8221;initial&#8221; background_position=&#8221;top_left&#8221; background_repeat=&#8221;repeat&#8221; hover_enabled=&#8221;0&#8243; use_border_color=&#8221;off&#8221; border_color=&#8221;#ffffff&#8221; border_style=&#8221;solid&#8221;] Impressum www.kaernten-privat.at K\u00c4RNTEN PRIVATEine Initiative von k\u00e4rnten.museum, Filmarchiv Austria und Land K\u00e4rnten in Kooperation mit K\u00e4rntner Regionalmuseen und Kulturvereinen sowie mit Unterst\u00fctzung des ORF Landesstudio K\u00e4rnten. INHALTLICH VERANTWORTLICHLandesmuseum f\u00fcr K\u00e4rntenSammlungs- und WissenschaftszentrumLiberogasse 69020 [&hellip;]<\/p>\n","protected":false},"author":1,"featured_media":0,"parent":0,"menu_order":0,"comment_status":"closed","ping_status":"closed","template":"","meta":{"_et_pb_use_builder":"on","_et_pb_old_content":"","_et_gb_content_width":"","footnotes":""},"_links":{"self":[{"href":"https:\/\/kaernten-privat.at\/index.php?rest_route=\/wp\/v2\/pages\/141"}],"collection":[{"href":"https:\/\/kaernten-privat.at\/index.php?rest_route=\/wp\/v2\/pages"}],"about":[{"href":"https:\/\/kaernten-privat.at\/index.php?rest_route=\/wp\/v2\/types\/page"}],"author":[{"embeddable":true,"href":"https:\/\/kaernten-privat.at\/index.php?rest_route=\/wp\/v2\/users\/1"}],"replies":[{"embeddable":true,"href":"https:\/\/kaernten-privat.at\/index.php?rest_route=%2Fwp%2Fv2%2Fcomments&post=141"}],"version-history":[{"count":10,"href":"https:\/\/kaernten-privat.at\/index.php?rest_route=\/wp\/v2\/pages\/141\/revisions"}],"predecessor-version":[{"id":1896,"href":"https:\/\/kaernten-privat.at\/index.php?rest_route=\/wp\/v2\/pages\/141\/revisions\/1896"}],"wp:attachment":[{"href":"https:\/\/kaernten-privat.at\/index.php?rest_route=%2Fwp%2Fv2%2Fmedia&parent=141"}],"curies":[{"name":"wp","href":"https:\/\/api.w.org\/{rel}","templated":true}]}}